 common factor of 54047019 and 260.
13
What is the greatest common divisor of 47286 and 15318?
666
Calculate the greatest common factor of 4065 and 145792851.
813
Calculate the greatest common factor of 188929630 and 530.
530
What is the greatest common divisor of 35990194 and 4?
2
Calculate the highest common divisor of 220 and 229739092.
44
What is the greatest common divisor of 82 and 2681687?
41
What is the greatest common factor of 2253102 and 137?
137
What is the greatest common divisor of 232 and 74398427?
29
Calculate the greatest common divisor of 4613 and 505080665.
659
Calculate the highest common divisor of 2732364 and 1617948.
2556
Calculate the highest common factor of 520872 and 21164.
44
Calculate the highest common factor of 1100192 and 992.
32
Calculate the greatest common divisor of 112 and 6839.
7
What is the highest common divisor of 86504902 and 66?
22
What is the highest common factor of 26 and 3103162?
2
What is the highest common factor of 16 and 96308152?
8
Calculate the greatest common divisor of 11471544 and 4374.
1458
Calculate the highest common factor of 457584 and 48.
48
What is the greatest common divisor of 86497 and 7208944?
1291
What is the greatest common factor of 1413 and 621710109?
1413
What is the greatest common divisor of 207 and 5433111?
9
Calculate the greatest common factor of 19584 and 22135632.
816
What is the greatest common factor of 4212 and 9611108?
52
Calculate the highest common divisor of 7845 and 240530315.
2615
Calculate the highest common factor of 296039744 and 2288.
2288
Calculate the greatest common divisor of 215205088 and 7.
7
What is the greatest common factor of 23268 and 12027894?
1662
What is the highest common divisor of 23 and 327064048?
23
Calculate the greatest common factor of 2490 and 43997055.
1245
What is the highest common divisor of 11013594 and 19899?
201
Calculate the greatest common factor of 6902889 and 56.
7
Calculate the greatest common factor of 1048168 and 513248.
344
What is the greatest common divisor of 583246026 and 54?
18
What is the highest common divisor of 5718500 and 140?
20
What is the highest common factor of 2691 and 1678563?
207
What is the highest common factor of 120 and 306379620?
60
What is the highest common divisor of 88740 and 278562?
102
Calculate the highest common divisor of 14611 and 7163.
19
Calculate the greatest common divisor of 2222665 and 34918.
1343
Calculate the greatest common divisor of 26418 and 350686.
518
Calculate the highest common divisor of 8370 and 272910.
30
Calculate the greatest common divisor of 94720 and 7715200.
640
What is the greatest common divisor of 595566492 and 123?
123
What is the greatest common divisor of 77286615 and 70?
35
Calculate the greatest common factor of 14815600 and 24.
8
Calculate the greatest common factor of 98 and 16178834.
14
Calculate the highest common factor of 23 and 21197168.
23
Calculate the greatest common divisor of 6021 and 5892615.
27
What is the greatest common factor of 7531529 and 77296?
4831
Calculate the greatest common factor of 7515 and 27822033.
1503
Calculate the greatest common divisor of 227 and 404121517.
227
Calculate the highest common divisor of 14851785 and 65.
65
Calculate the greatest common factor of 616 and 25571084.
308
Calculate the highest common factor of 84 and 31060428.
84
Calculate the greatest common divisor of 666 and 19917342.
18
What is the greatest common factor of 1104 and 2991012?
276
Calculate the highest common divisor of 1651885 and 11055.
335
Calculate the highest common divisor of 81 and 78855687.
81
What is the highest common divisor of 4264 and 61398935?
533
What is the highest common divisor of 26001525 and 975?
75
Calculate the greatest common divisor of 37467228 and 223896.
5892
Calculate the greatest common divisor of 4795499 and 76625.
613
Calculate the highest common factor of 3296727 and 5481.
189
What is the highest common factor of 21098115 and 615?
15
What is the greatest common divisor of 8670 and 15480?
30
What is the greatest common factor of 58 and 171887669?
29
What is the highest common factor of 2002977 and 981?
9
Calculate the highest common factor of 8359 and 4352467.
643
What is the greatest common factor of 3985562 and 392?
98
What is the greatest common divisor of 4727968078 and 58?
58
Calculate the highest common factor of 96080 and 194000.
80
Calculate the highest common divisor of 80823309 and 21.
21
What is the greatest common divisor of 144406520 and 24?
8
What is the highest common divisor of 5273504 and 228352?
7136
What is the highest common factor of 358217 and 48822356?
8737
Calculate the greatest common divisor of 16846294 and 2782.
214
What is the greatest common divisor of 5200780 and 2044705?
5395
What is the highest common factor of 12215 and 120432571?
2443
What is the highest common divisor of 397584 and 7472?
16
What is the greatest common divisor of 177770260 and 503?
503
What is the greatest common factor of 15270416 and 322?
14
Calculate the greatest common factor of 24 and 9808284.
12
What is the highest common divisor of 750 and 1371673500?
750
What is the highest common divisor of 176940552 and 348?
12
What is the highest common divisor of 66800 and 1946552?
1336
What is the greatest common divisor of 26 and 173832100?
26
What is the highest common divisor of 115060 and 406340?
220
What is the highest common factor of 1614822 and 3354?
258
Calculate the highest common divisor of 73675 and 4480.
35
What is the highest common divisor of 39 and 2172828099?
39
What is the highest common divisor of 1336328 and 626282?
974
Calculate the highest common divisor of 283836 and 14167.
31
What is the highest common factor of 15792 and 106806?
42
Calculate the greatest common factor of 24891860 and 812.
812
Calculate the greatest common divisor of 4 and 137354750.
2
Calculate the greatest common divisor of 433980 and 29460.
60
What is the greatest common divisor of 140728406 and 6448?
806
Calculate the greatest common factor of 128 and 1546208.
32
What is the greatest common factor of 19513399 and 323?
323
Calculate the greatest common factor of 5899257 and 1456.
91
What is the greatest common factor of 24 and 25191822?
6
Calculate the highest common divisor of 18990340 and 20.
20
What is the greatest common divisor of 7287 and 55902?
21
Calculate the greatest common factor of 44322405 and 2325.
465
What is the greatest common divisor of 1482 and 17472?
78
What is the highest common divisor of 47241 and 6946056?
1629
What is the greatest common factor of 5 and 1233527?
1
What is the highest common divisor of 9401 and 3269?
7
Calculate the greatest common factor of 3605 and 11363681.
721
Calculate the highest common divisor of 1014354 and 88.
22
Calculate the greatest common divisor of 1725 and 2598747.
69
What is the highest common factor of 4464 and 79295520?
1488
What is the greatest common factor of 3714 and 56561744?
1238
Calculate the greatest common divisor of 25683791 and 147.
49
What is the highest common divisor of 220929 and 411?
3
Calculate the greatest common divisor of 8037900 and 9.
9
Calculate the greatest common divisor of 5194 and 2303.
49
What is the highest common divisor of 2219624 and 61911?
2293
Calculate the highest common factor of 201142 and 718178.
326
Calculate the highest common divisor of 4480 and 2842496.
128
What is the greatest common divisor of 36222725 and 1225?
175
What is the highest common divisor of 286182 and 24336?
234
What is the greatest common factor of 4686 and 125290?
22
What is the highest common factor of 19367848 and 104?
8
What is the greatest common factor of 430249 and 2263?
31
What is the highest common divisor of 14 and 45889879?
7
What is the greatest common factor of 216956 and 39274?
146
Calculate the greatest common factor of 4120 and 268006.
206
What is the highest common divisor of 1288999 and 7673437?
8651
Calculate the greatest common divisor of 15175328 and 444.
148
Calculate the highest common divisor of 1649513 and 973.
139
Calculate the greatest common factor of 1720896 and 4304.
16
What is the greatest common divisor of 39450 and 1530134?
526
What is the highest common divisor of 146070 and 148234?
1082
What is the highest common facto